{"id":2035,"date":"2026-04-09T18:41:49","date_gmt":"2026-04-09T21:41:49","guid":{"rendered":"https:\/\/eafv-bue.infd.edu.ar\/sitio\/?page_id=2035"},"modified":"2026-04-09T18:41:51","modified_gmt":"2026-04-09T21:41:51","slug":"becas-progresar-2","status":"publish","type":"page","link":"https:\/\/eafv-bue.infd.edu.ar\/sitio\/becas-progresar-2\/","title":{"rendered":"BECAS PROGRESAR"},"content":{"rendered":"\n<p>SE ENCUENTRA ABIERTA LA CONVOCATORIA A SOLICITUD PARA LAS BECAS PROGRESAR PARA NIVEL SUPERIOR 2026 HASTA EL DIA 30\/04., COMPARTIMOS A CONTINUACI\u00d3N DOCUMENTACI\u00d3N IMPORTANTE.<\/p>\n\n\n\n<div class=\"wp-block-file\"><object class=\"wp-block-file__embed\" data=\"https:\/\/eafv-bue.infd.edu.ar\/sitio\/wp-content\/uploads\/2026\/04\/Progresar-Superior-2026-1.pdf\" type=\"application\/pdf\" style=\"width:100%;height:600px\" aria-label=\"Incrustado de Progresar-Superior-2026-1.\"><\/object><a id=\"wp-block-file--media-846bc0af-481b-4011-88f0-379220d4b70b\" href=\"https:\/\/eafv-bue.infd.edu.ar\/sitio\/wp-content\/uploads\/2026\/04\/Progresar-Superior-2026-1.pdf\">Progresar-Superior-2026-1<\/a><a href=\"https:\/\/eafv-bue.infd.edu.ar\/sitio\/wp-content\/uploads\/2026\/04\/Progresar-Superior-2026-1.pdf\" class=\"wp-block-file__button wp-element-button\" download aria-describedby=\"wp-block-file--media-846bc0af-481b-4011-88f0-379220d4b70b\">Descarga<\/a><\/div>\n\n\n\n<p>INSTRUCTIVO DE INSCRIPCI\u00d3N<\/p>\n\n\n\n<div class=\"wp-block-file\"><object class=\"wp-block-file__embed\" data=\"https:\/\/eafv-bue.infd.edu.ar\/sitio\/wp-content\/uploads\/2026\/04\/Instructivo-de-inscripcion-Superior-2026.pdf\" type=\"application\/pdf\" style=\"width:100%;height:600px\" aria-label=\"Incrustado de Instructivo-de-inscripcion-Superior-2026.\"><\/object><a id=\"wp-block-file--media-4de7361c-eb1e-443f-aef6-c5838018d389\" href=\"https:\/\/eafv-bue.infd.edu.ar\/sitio\/wp-content\/uploads\/2026\/04\/Instructivo-de-inscripcion-Superior-2026.pdf\">Instructivo-de-inscripcion-Superior-2026<\/a><a href=\"https:\/\/eafv-bue.infd.edu.ar\/sitio\/wp-content\/uploads\/2026\/04\/Instructivo-de-inscripcion-Superior-2026.pdf\" class=\"wp-block-file__button wp-element-button\" download aria-describedby=\"wp-block-file--media-4de7361c-eb1e-443f-aef6-c5838018d389\">Descarga<\/a><\/div>\n\n\n\n<p><\/p>\n\n\n\n<div class=\"wp-block-file\"><a href=\"blob:https:\/\/eafv-bue.infd.edu.ar\/dec8af85-7730-46d7-8ea5-7726d918e105\" class=\"wp-block-file__button wp-element-button\" download>Descarga<\/a><\/div>\n\n\n\n<p>REGLAMENTO GENERAL DEL \u201cPROGRAMA DE RESPALDO A ESTUDIANTES ARGENTINOS\u201d (PROGRESAR).<\/p>\n\n\n\n<div class=\"wp-block-file\"><object class=\"wp-block-file__embed\" data=\"https:\/\/eafv-bue.infd.edu.ar\/sitio\/wp-content\/uploads\/2026\/04\/Anexo-2-Progresar-Superior.pdf\" type=\"application\/pdf\" style=\"width:100%;height:600px\" aria-label=\"Incrustado de Anexo-2-Progresar-Superior.\"><\/object><a id=\"wp-block-file--media-54b1e29e-f55b-4293-84ce-e60186dda7a3\" href=\"https:\/\/eafv-bue.infd.edu.ar\/sitio\/wp-content\/uploads\/2026\/04\/Anexo-2-Progresar-Superior.pdf\">Anexo-2-Progresar-Superior<\/a><a href=\"https:\/\/eafv-bue.infd.edu.ar\/sitio\/wp-content\/uploads\/2026\/04\/Anexo-2-Progresar-Superior.pdf\" class=\"wp-block-file__button wp-element-button\" download aria-describedby=\"wp-block-file--media-54b1e29e-f55b-4293-84ce-e60186dda7a3\">Descarga<\/a><\/div>\n","protected":false},"excerpt":{"rendered":"<p>SE ENCUENTRA ABIERTA LA CONVOCATORIA A SOLICITUD PARA LAS BECAS PROGRESAR PARA NIVEL SUPERIOR 2026 HASTA EL DIA 30\/04., COMPARTIMOS A CONTINUACI\u00d3N DOCUMENTACI\u00d3N IMPORTANTE. INSTRUCTIVO DE INSCRIPCI\u00d3N REGLAMENTO GENERAL DEL \u201cPROGRAMA DE RESPALDO A ESTUDIANTES ARGENTINOS\u201d (PROGRESAR).<\/p>\n","protected":false},"author":87,"featured_media":0,"parent":0,"menu_order":0,"comment_status":"closed","ping_status":"closed","template":"","meta":[],"acf":[],"_links":{"self":[{"href":"https:\/\/eafv-bue.infd.edu.ar\/sitio\/wp-json\/wp\/v2\/pages\/2035"}],"collection":[{"href":"https:\/\/eafv-bue.infd.edu.ar\/sitio\/wp-json\/wp\/v2\/pages"}],"about":[{"href":"https:\/\/eafv-bue.infd.edu.ar\/sitio\/wp-json\/wp\/v2\/types\/page"}],"author":[{"embeddable":true,"href":"https:\/\/eafv-bue.infd.edu.ar\/sitio\/wp-json\/wp\/v2\/users\/87"}],"replies":[{"embeddable":true,"href":"https:\/\/eafv-bue.infd.edu.ar\/sitio\/wp-json\/wp\/v2\/comments?post=2035"}],"version-history":[{"count":1,"href":"https:\/\/eafv-bue.infd.edu.ar\/sitio\/wp-json\/wp\/v2\/pages\/2035\/revisions"}],"predecessor-version":[{"id":2041,"href":"https:\/\/eafv-bue.infd.edu.ar\/sitio\/wp-json\/wp\/v2\/pages\/2035\/revisions\/2041"}],"wp:attachment":[{"href":"https:\/\/eafv-bue.infd.edu.ar\/sitio\/wp-json\/wp\/v2\/media?parent=2035"}],"curies":[{"name":"wp","href":"https:\/\/api.w.org\/{rel}","templated":true}]}}