{"id":1983,"date":"2026-04-03T17:58:15","date_gmt":"2026-04-03T20:58:15","guid":{"rendered":"https:\/\/eafv-bue.infd.edu.ar\/sitio\/?page_id=1983"},"modified":"2026-04-03T18:02:46","modified_gmt":"2026-04-03T21:02:46","slug":"regimen-academico-institucional-3","status":"publish","type":"page","link":"https:\/\/eafv-bue.infd.edu.ar\/sitio\/regimen-academico-institucional-3\/","title":{"rendered":"R\u00c9GIMEN ACAD\u00c9MICO INSTITUCIONAL"},"content":{"rendered":"\n<p><strong>El R\u00e9gimen Acad\u00e9mico Institucional (RAI) en los ISFD (Institutos Superiores de Formaci\u00f3n Docente) es la&nbsp;normativa obligatoria que organiza la vida estudiantil, incluyendo ingreso, cursada, evaluaci\u00f3n, regularidad y titulaci\u00f3n. Regula las trayectorias de los estudiantes, garantizando el derecho a la educaci\u00f3n y definiendo los modos de ser y estar en la instituci\u00f3n.&nbsp;<\/strong><\/p>\n\n\n\n<p>Compartimos a continuaci\u00f3n el documento que establece el RAI de nuestra instituci\u00f3n, normativa fundamental para las trayectorias formativas de nuestros estudiantes.<\/p>\n\n\n\n<div class=\"wp-block-file\"><object class=\"wp-block-file__embed\" data=\"https:\/\/eafv-bue.infd.edu.ar\/sitio\/wp-content\/uploads\/2026\/04\/RAI-EARI-2026-1.pdf\" type=\"application\/pdf\" style=\"width:100%;height:600px\" aria-label=\"Incrustado de RAI-EARI-2026-1.\"><\/object><a id=\"wp-block-file--media-42952f49-f538-4386-94bf-e953414d8b38\" href=\"https:\/\/eafv-bue.infd.edu.ar\/sitio\/wp-content\/uploads\/2026\/04\/RAI-EARI-2026-1.pdf\">RAI-EARI-2026-1<\/a><a href=\"https:\/\/eafv-bue.infd.edu.ar\/sitio\/wp-content\/uploads\/2026\/04\/RAI-EARI-2026-1.pdf\" class=\"wp-block-file__button wp-element-button\" download aria-describedby=\"wp-block-file--media-42952f49-f538-4386-94bf-e953414d8b38\">Descarga<\/a><\/div>\n\n\n\n<p>A continuaci\u00f3n compartimos el Anexo 7, sobre Formatos de cursada de Unidades Curriculares.<\/p>\n\n\n\n<div class=\"wp-block-file\"><object class=\"wp-block-file__embed\" data=\"https:\/\/eafv-bue.infd.edu.ar\/sitio\/wp-content\/uploads\/2026\/04\/Anexo-Cap-7-RAI-2026.pdf\" type=\"application\/pdf\" style=\"width:100%;height:600px\" aria-label=\"Incrustado de Anexo-Cap-7-RAI-2026.\"><\/object><a id=\"wp-block-file--media-f07ef56a-2bdc-44d5-b0ea-e68c6f0502dc\" href=\"https:\/\/eafv-bue.infd.edu.ar\/sitio\/wp-content\/uploads\/2026\/04\/Anexo-Cap-7-RAI-2026.pdf\">Anexo-Cap-7-RAI-2026<\/a><a href=\"https:\/\/eafv-bue.infd.edu.ar\/sitio\/wp-content\/uploads\/2026\/04\/Anexo-Cap-7-RAI-2026.pdf\" class=\"wp-block-file__button wp-element-button\" download aria-describedby=\"wp-block-file--media-f07ef56a-2bdc-44d5-b0ea-e68c6f0502dc\">Descarga<\/a><\/div>\n","protected":false},"excerpt":{"rendered":"<p>El R\u00e9gimen Acad\u00e9mico Institucional (RAI) en los ISFD (Institutos Superiores de Formaci\u00f3n Docente) es la&nbsp;normativa obligatoria que organiza la vida estudiantil, incluyendo ingreso, cursada, evaluaci\u00f3n, regularidad y titulaci\u00f3n. Regula las trayectorias de los estudiantes, garantizando el derecho a la educaci\u00f3n y definiendo los modos de ser y estar en la instituci\u00f3n.&nbsp; Compartimos a continuaci\u00f3n el &#8230; <a title=\"R\u00c9GIMEN ACAD\u00c9MICO INSTITUCIONAL\" class=\"read-more\" href=\"https:\/\/eafv-bue.infd.edu.ar\/sitio\/regimen-academico-institucional-3\/\" aria-label=\"More on R\u00c9GIMEN ACAD\u00c9MICO INSTITUCIONAL\">[+]<\/a><\/p>\n","protected":false},"author":87,"featured_media":0,"parent":0,"menu_order":0,"comment_status":"closed","ping_status":"closed","template":"","meta":[],"acf":[],"_links":{"self":[{"href":"https:\/\/eafv-bue.infd.edu.ar\/sitio\/wp-json\/wp\/v2\/pages\/1983"}],"collection":[{"href":"https:\/\/eafv-bue.infd.edu.ar\/sitio\/wp-json\/wp\/v2\/pages"}],"about":[{"href":"https:\/\/eafv-bue.infd.edu.ar\/sitio\/wp-json\/wp\/v2\/types\/page"}],"author":[{"embeddable":true,"href":"https:\/\/eafv-bue.infd.edu.ar\/sitio\/wp-json\/wp\/v2\/users\/87"}],"replies":[{"embeddable":true,"href":"https:\/\/eafv-bue.infd.edu.ar\/sitio\/wp-json\/wp\/v2\/comments?post=1983"}],"version-history":[{"count":3,"href":"https:\/\/eafv-bue.infd.edu.ar\/sitio\/wp-json\/wp\/v2\/pages\/1983\/revisions"}],"predecessor-version":[{"id":2034,"href":"https:\/\/eafv-bue.infd.edu.ar\/sitio\/wp-json\/wp\/v2\/pages\/1983\/revisions\/2034"}],"wp:attachment":[{"href":"https:\/\/eafv-bue.infd.edu.ar\/sitio\/wp-json\/wp\/v2\/media?parent=1983"}],"curies":[{"name":"wp","href":"https:\/\/api.w.org\/{rel}","templated":true}]}}