{"id":1181,"date":"2023-05-19T10:14:32","date_gmt":"2023-05-19T13:14:32","guid":{"rendered":"https:\/\/eafv-bue.infd.edu.ar\/sitio\/?page_id=1181"},"modified":"2026-04-18T11:19:48","modified_gmt":"2026-04-18T14:19:48","slug":"solicitud-de-equivalencias","status":"publish","type":"page","link":"https:\/\/eafv-bue.infd.edu.ar\/sitio\/solicitud-de-equivalencias\/","title":{"rendered":"SOLICITUD DE EQUIVALENCIAS 2026"},"content":{"rendered":"\n<p><strong>SE ABRE EL LLAMADO A SOLICITUD DE EQUIVALENCIAS.<\/strong><\/p>\n\n\n\n<p>FECHA DE ENTREGA  Hasta el 30 de Abril de 2026<\/p>\n\n\n\n<p><strong>DOCUMENTACI\u00d3N A PRESENTAR<\/strong><\/p>\n\n\n\n<ul>\n<li>Nota de solicitud de equivalencia informando correo electr\u00f3nico y n\u00famero de celular<\/li>\n\n\n\n<li>Planillas A14 y A14a (links de descarga abajo)<\/li>\n\n\n\n<li>DNI<\/li>\n<\/ul>\n\n\n\n<div class=\"wp-block-file\"><a id=\"wp-block-file--media-d0a2a6fe-53a7-4262-8c02-417bb7451478\" href=\"https:\/\/eafv-bue.infd.edu.ar\/sitio\/wp-content\/uploads\/2023\/05\/A14.doc\">PLANILLA A 14 &#8211; SOLICITUD DE EQUIVALENCIA &#8211; RESUMEN<\/a><a href=\"https:\/\/eafv-bue.infd.edu.ar\/sitio\/wp-content\/uploads\/2023\/05\/A14.doc\" class=\"wp-block-file__button wp-element-button\" download aria-describedby=\"wp-block-file--media-d0a2a6fe-53a7-4262-8c02-417bb7451478\">Descarga<\/a><\/div>\n\n\n\n<div class=\"wp-block-file\"><a id=\"wp-block-file--media-8940c648-4988-456a-80de-2dae43097bc7\" href=\"https:\/\/eafv-bue.infd.edu.ar\/sitio\/wp-content\/uploads\/2023\/05\/A14a.doc\">PLANILLA A 14a &#8211; SOLICITUD DE EQUIVALENCIA POR ASIGNATURA<\/a><a href=\"https:\/\/eafv-bue.infd.edu.ar\/sitio\/wp-content\/uploads\/2023\/05\/A14a.doc\" class=\"wp-block-file__button wp-element-button\" download aria-describedby=\"wp-block-file--media-8940c648-4988-456a-80de-2dae43097bc7\">Descarga<\/a><\/div>\n\n\n\n<p><\/p>\n\n\n\n<p>Si se ha acreditado la materia en otra instituci\u00f3n, se debe anexar el correspondiente Certificado Anal\u00edtico (de la otra instituci\u00f3n) -Certificado Final de Estudios (de corresponder) &#8211; Proyecto de la c\u00e1tedra acreditada certificada por la instituci\u00f3n de origen<\/p>\n\n\n\n<p>Si la acreditaci\u00f3n de la materia se&nbsp;realiz\u00f3&nbsp;en esta instituci\u00f3n, aclararlo en nota dirigida a la instituci\u00f3n.<\/p>\n\n\n\n<p>Ante cualquier consulta referida al tema escribir a regenciafveari@gmail.com o dirigirse a la instituci\u00f3n en los horarios de regencia.<\/p>\n\n\n\n<p><strong>Federico<\/strong> <strong>Dall&#8217;Ara<\/strong> <\/p>\n\n\n\n<p>Lunes 7:30 a 11:30 hs <\/p>\n\n\n\n<p>Martes 13:00 a 17:00 hs.<\/p>\n\n\n\n<p>Jueves 18:00 a 22:00 hs. (anexo)<\/p>\n\n\n\n<p>Viernes 16:00 a 20:00 hs<\/p>\n\n\n\n<p>S\u00e1bados 12:30 a 16:30.<\/p>\n\n\n\n<p><\/p>\n\n\n\n<p><strong>Nicol\u00e1s<\/strong> <strong>Rombouts<\/strong><\/p>\n\n\n\n<p>Lunes 18:00 a 22:00 (Anexo) <\/p>\n\n\n\n<p>Martes 7:30 a 11:30<\/p>\n\n\n\n<p>Mi\u00e9rcoles 13:00 a 17:00<\/p>\n\n\n\n<p>Viernes 13:00 a 17:00<\/p>\n\n\n\n<p>S\u00e1bados 8:30 a 12:30<\/p>\n","protected":false},"excerpt":{"rendered":"<p>SE ABRE EL LLAMADO A SOLICITUD DE EQUIVALENCIAS. FECHA DE ENTREGA Hasta el 30 de Abril de 2026 DOCUMENTACI\u00d3N A PRESENTAR Si se ha acreditado la materia en otra instituci\u00f3n, se debe anexar el correspondiente Certificado Anal\u00edtico (de la otra instituci\u00f3n) -Certificado Final de Estudios (de corresponder) &#8211; Proyecto de la c\u00e1tedra acreditada certificada por &#8230; <a title=\"SOLICITUD DE EQUIVALENCIAS 2026\" class=\"read-more\" href=\"https:\/\/eafv-bue.infd.edu.ar\/sitio\/solicitud-de-equivalencias\/\" aria-label=\"More on SOLICITUD DE EQUIVALENCIAS 2026\">[+]<\/a><\/p>\n","protected":false},"author":87,"featured_media":0,"parent":0,"menu_order":0,"comment_status":"closed","ping_status":"closed","template":"","meta":[],"acf":[],"_links":{"self":[{"href":"https:\/\/eafv-bue.infd.edu.ar\/sitio\/wp-json\/wp\/v2\/pages\/1181"}],"collection":[{"href":"https:\/\/eafv-bue.infd.edu.ar\/sitio\/wp-json\/wp\/v2\/pages"}],"about":[{"href":"https:\/\/eafv-bue.infd.edu.ar\/sitio\/wp-json\/wp\/v2\/types\/page"}],"author":[{"embeddable":true,"href":"https:\/\/eafv-bue.infd.edu.ar\/sitio\/wp-json\/wp\/v2\/users\/87"}],"replies":[{"embeddable":true,"href":"https:\/\/eafv-bue.infd.edu.ar\/sitio\/wp-json\/wp\/v2\/comments?post=1181"}],"version-history":[{"count":6,"href":"https:\/\/eafv-bue.infd.edu.ar\/sitio\/wp-json\/wp\/v2\/pages\/1181\/revisions"}],"predecessor-version":[{"id":2043,"href":"https:\/\/eafv-bue.infd.edu.ar\/sitio\/wp-json\/wp\/v2\/pages\/1181\/revisions\/2043"}],"wp:attachment":[{"href":"https:\/\/eafv-bue.infd.edu.ar\/sitio\/wp-json\/wp\/v2\/media?parent=1181"}],"curies":[{"name":"wp","href":"https:\/\/api.w.org\/{rel}","templated":true}]}}