{"id":1128,"date":"2022-12-05T20:04:53","date_gmt":"2022-12-05T23:04:53","guid":{"rendered":"https:\/\/eafv-bue.infd.edu.ar\/sitio\/?page_id=1128"},"modified":"2025-02-12T10:41:30","modified_gmt":"2025-02-12T13:41:30","slug":"tramita-tu-titulo","status":"publish","type":"page","link":"https:\/\/eafv-bue.infd.edu.ar\/sitio\/tramita-tu-titulo\/","title":{"rendered":"TRAMIT\u00c1 TU T\u00cdTULO"},"content":{"rendered":"\n<p>SI TERMINASTE DE RENDIR TODAS LAS MATERIAS SEGU\u00cd ESTOS PASOS:<\/p>\n\n\n\n<p>PRESENTAR AL SECRETARIO DE LA INSTITUCI\u00d3N, <strong>N\u00c9STOR LOBATO<\/strong> LA SIGUIENTE DOCUMENTACI\u00d3N:<\/p>\n\n\n\n<p>(TODO EN UNA CARPETA DE TRES SOLAPAS)<\/p>\n\n\n\n<ul>\n<li>FOTOCOPIA DE DNI<\/li>\n\n\n\n<li>T\u00cdTULO SECUNDARIO<\/li>\n\n\n\n<li>OTROS T\u00cdTULOS QUE HAYA OBTENIDO (O SI SOLICIT\u00d3 EQUIVALENCIAS)<\/li>\n\n\n\n<li>PARTIDA DE NACIMIENTO<\/li>\n<\/ul>\n\n\n\n<p>Y COMPLET\u00c1 EL SIGUIENTE <a href=\"https:\/\/forms.gle\/t5XrUCz2AsKYALqV8\" data-type=\"URL\" data-id=\"https:\/\/forms.gle\/t5XrUCz2AsKYALqV8\">FORMULARIO<\/a><\/p>\n\n\n\n<p><\/p>\n\n\n\n<p>HORARIOS DE SECRETAR\u00cdA:<\/p>\n\n\n\n<p>LUNES A VIERNES 7:30 A 11:30 HS.<\/p>\n","protected":false},"excerpt":{"rendered":"<p>SI TERMINASTE DE RENDIR TODAS LAS MATERIAS SEGU\u00cd ESTOS PASOS: PRESENTAR AL SECRETARIO DE LA INSTITUCI\u00d3N, N\u00c9STOR LOBATO LA SIGUIENTE DOCUMENTACI\u00d3N: (TODO EN UNA CARPETA DE TRES SOLAPAS) Y COMPLET\u00c1 EL SIGUIENTE FORMULARIO HORARIOS DE SECRETAR\u00cdA: LUNES A VIERNES 7:30 A 11:30 HS.<\/p>\n","protected":false},"author":87,"featured_media":0,"parent":0,"menu_order":0,"comment_status":"closed","ping_status":"closed","template":"","meta":[],"acf":[],"_links":{"self":[{"href":"https:\/\/eafv-bue.infd.edu.ar\/sitio\/wp-json\/wp\/v2\/pages\/1128"}],"collection":[{"href":"https:\/\/eafv-bue.infd.edu.ar\/sitio\/wp-json\/wp\/v2\/pages"}],"about":[{"href":"https:\/\/eafv-bue.infd.edu.ar\/sitio\/wp-json\/wp\/v2\/types\/page"}],"author":[{"embeddable":true,"href":"https:\/\/eafv-bue.infd.edu.ar\/sitio\/wp-json\/wp\/v2\/users\/87"}],"replies":[{"embeddable":true,"href":"https:\/\/eafv-bue.infd.edu.ar\/sitio\/wp-json\/wp\/v2\/comments?post=1128"}],"version-history":[{"count":4,"href":"https:\/\/eafv-bue.infd.edu.ar\/sitio\/wp-json\/wp\/v2\/pages\/1128\/revisions"}],"predecessor-version":[{"id":1877,"href":"https:\/\/eafv-bue.infd.edu.ar\/sitio\/wp-json\/wp\/v2\/pages\/1128\/revisions\/1877"}],"wp:attachment":[{"href":"https:\/\/eafv-bue.infd.edu.ar\/sitio\/wp-json\/wp\/v2\/media?parent=1128"}],"curies":[{"name":"wp","href":"https:\/\/api.w.org\/{rel}","templated":true}]}}